 6. Calculate z(-14).
20
Let f(i) = 268*i + 1081. Give f(-4).
9
Let p(w) = -10*w**2 - 4*w + 3. What is p(1)?
-11
Let h(l) = -l**3 - 12*l**2 - 40*l - 53. Calculate h(-8).
11
Let r(z) = -14*z**3 + 5*z**2 - 36*z + 36. What is r(1)?
-9
Let q(p) = -p**3 + 42*p**2 + 127*p + 246. What is q(45)?
-114
Let l(i) = -7*i + 152. Calculate l(15).
47
Let a(w) = w**3 - 11*w**2 + 6*w + 42. Give a(8).
-102
Let m(q) = 5*q**2 + 211*q + 2219. What is m(-20)?
-1
Let a(i) = -4*i**2 - 55*i - 131. Determine a(-11).
-10
Let x(n) = -n**2 - 14525*n - 29047. Calculate x(-2).
-1
Let n(k) = k - 64. Give n(11).
-53
Let g(n) = 6*n**2 + 19*n + 21. What is g(-1)?
8
Let o(n) = -512*n - 1541. Calculate o(-3).
-5
Let w(l) = 5*l**3 + 45*l**2 + 41*l - 13. Determine w(-8).
-21
Let o(j) = -j**3 - 73*j**2 - 1058*j - 16. Determine o(-53).
-122
Let u(v) = 9*v - 72. Determine u(10).
18
Let i(j) = j**3 - 3*j**2 - 13*j - 49. Give i(8).
167
Let z(o) = 137*o + 6314. Give z(-46).
12
Let q(i) = 156*i**2 + 306*i - 6. What is q(-2)?
6
Let d(c) = c**3 + 4*c**2 - 9*c + 1. What is d(2)?
7
Let l(x) = -2*x**2 - 25*x - 121. Calculate l(-12).
-109
Let w(t) = t**3 + 10*t**2 + 78*t + 27. Determine w(-9).
-594
Let u(a) = 31*a**2 - 463*a + 5. Determine u(14).
-401
Let q(f) = 21*f - 1072. Give q(52).
20
Let s(a) = -6*a**2 + 487*a - 39. What is s(81)?
42
Let u(n) = -n**2 - 108*n + 5503. What is u(-145)?
138
Let b(s) = -s**3 + 17*s**2 + 21*s - 11. Calculate b(18).
43
Let u(a) = 329*a - 5. Determine u(0).
-5
Let v(s) = -13098*s - 26199. What is v(-2)?
-3
Let l(j) = 4*j**2 + 165*j + 743. Give l(-5).
18
Let t(k) = k**2 - 88*k - 2561. Determine t(109).
-272
Let n(x) = -57*x**3 + x**2 - 16*x + 14. What is n(1)?
-58
Let o(n) = -3*n**2 + 2294*n + 4604. Calculate o(-2).
4
Let q(j) = 2*j**3 + 3*j**2 + 27*j + 34. What is q(6)?
736
Let m(l) = l**2 - 6. What is m(5)?
19
Let d(f) = 64*f**2 + 2949*f + 216. What is d(-46)?
-14
Let d(p) = 68*p - 154. What is d(2)?
-18
Let v(w) = w**2 - 46*w + 496. Determine v(27).
-17
Let x(t) = 120*t**2 - 552*t + 1107. Determine x(2).
483
Let z(f) = -31*f**2 + 284*f - 70. Calculate z(9).
-25
Let v(m) = 5*m**3 + 3*m**2 + 27*m + 65. What is v(-3)?
-124
Let x(g) = g**3 + 3*g**2 - 90*g + 212. Calculate x(-12).
-4
Let o(k) = -k**2 + 496*k - 14423. Give o(31).
-8
Let f(p) = -p**3 - 29*p**2 + 34*p + 114. Give f(-30).
-6
Let p(b) = -87*b + 1639. Determine p(19).
-14
Let f(i) = i**3 + i**2 - 52*i + 98. Determine f(-7).
168
Let j(a) = 2411*a + 26528. Give j(-11).
7
Let v(b) = -b**2 - 20*b + 619. Determine v(-36).
43
Let f(j) = 13*j + 571. Calculate f(-69).
-326
Let j(p) = 16*p + 465. What is j(-32)?
-47
Let k(s) = -72*s + 1680. Calculate k(23).
24
Let u(p) = 2*p**2 - 41*p + 146. Calculate u(5).
-9
Let v(a) = -63*a + 578. What is v(10)?
-52
Let l(t) = 37*t + 180. What is l(-7)?
-79
Let m(p) = 1067*p**2 + 2144*p + 1. What is m(-2)?
-19
Let x(c) = 5*c**2 + 15*c - 22. Calculate x(-6).
68
Let a(v) = -v**3 - 45*v**2 + 104*v + 584. Give a(-47).
114
Let l(i) = i**3 + 13*i**2 + 26*i + 393. Calculate l(-14).
-167
Let g(d) = -150*d - 46. What is g(-1)?
104
Let v(b) = -154*b - 24801. Calculate v(-161).
-7
Let q(f) = -11*f + 171. Give q(15).
6
Let v(c) = -2*c**2 + 3*c + 6. Calculate v(3).
-3
Let g(c) = -c**2 + 299*c + 2085. Calculate g(-7).
-57
Let y(u) = -u**2 - 85*u + 256. What is y(3)?
-8
Let z(s) = -3*s**3 + 12*s**2 + 36*s + 15. Determine z(6).
15
Let r(l) = -181*l + 2499. Calculate r(13).
146
Let k(n) = -7*n - 258. Calculate k(-52).
106
Let a(m) = -m**3 + 12*m**2 - 28*m + 5. Calculate a(10).
-75
Let t(h) = 4*h**3 + 3*h**2 + 175*h - 177. What is t(1)?
5
Let b(s) = -s**3 + 157*s**2 + 142*s + 2600. Determine b(158).
72
Let f(r) = 2*r**3 - 25*r**2 + 24*r + 100. Give f(11).
1
Let z(v) = 5*v**3 - 81*v**2 - 70*v - 94. Give z(17).
-128
Let p(v) = 9*v**2 + 235*v + 814. Determine p(-22).
0
Let y(a) = 16*a**2 + 93*a + 57. Determine y(-5).
-8
Let g(u) = -67*u**2 - 23*u - 22. Give g(-1).
-66
Let j(p) = 494*p - 1198. Give j(3).
284
Let k(r) = 7*r**2 - 57*r + 16. Determine k(4).
-100
Let b(a) = 4*a**2 - 232*a - 467. Give b(-2).
13
Let c(u) = u**2 - 126*u + 2609. What is c(26)?
9
Let w(j) = -10*j**3 + 544*j**2 + 324*j + 328. Give w(55).
-2
Let z(j) = 40*j + 477. Determine z(-12).
-3
Let n(x) = -6*x + 108. Calculate n(-14).
192
Let p(w) = 41*w - 34. Calculate p(-7).
-321
Let d(s) = -375*s - 2236. Give d(-6).
14
Let o(i) = -i**3 + 114*i**2 - 203*i - 2328. Give o(112).
24
Let t(a) = -15*a**2 + 92*a - 4. What is t(6)?
8
Let z(n) = -n**2 - 105*n + 561. What is z(5)?
11
Let z(j) = -8*j**2 + 99*j + 292. Determine z(-3).
-77
Let t(j) = 4*j**3 + 43*j**2 + 33*j + 86. What is t(-10)?
56
Let y(q) = -51*q + 1421. Give y(30).
-109
Let r(m) = m**3 + 11*m**2 + 30*m - 1. Determine r(-6).
-1
Let x(t) = -t**2 - 13*t + 53. Determine x(-15).
23
Let g(v) = v**3 - 5*v**2 - 50*v + 269. Determine g(6).
5
Let g(s) = -s**3 - 23*s**2 - 89*s - 33. Determine g(-18).
-51
Let y(n) = -104*n**2 + 495*n + 121. Determine y(5).
-4
Let i(p) = 170*p + 14458. Calculate i(-85).
8
Let m(u) = u**2 - 7*u - 119. What is m(-10)?
51
Let t(j) = -797*j + 4762. Determine t(6).
-20
Let p(s) = -s**3 - 21*s**2 - 17*s + 42. Give p(-20).
-18
Let m(s) = 65*s + 255. Determine m(-7).
-200
Let v(g) = -4*g**3 + 11*g**2 + 2*g + 26. Give v(5).
-189
Let j(a) = -a**3 + 56*a**2 - 299*a - 6. Give j(6).
0
Let l(n) = n**3 - 16*n**2 + 45*n - 12. Give l(12).
-48
Let h(t) = t**2 + 69*t + 1105. Give h(-44).
5
Let t(k) = 13*k + 358. Give t(-23).
59
Let t(h) = 101*h + 4761. Calculate t(-47).
14
Let t(c) = 2*c**2 + 13*c + 116. Determine t(0).
116
Let l(d) = 22*d - 272. Calculate l(13).
14
Let d(t) = -82*t - 6. Give d(2).
-170
Let v(j) = -j**3 - 18*j**2 - 35*j - 110. What is v(-16)?
-62
Let l(j) = 10*j**2 + 224*j + 167. Give l(-22).
79
Let n(u) = -u**2 - 110*u - 954. Determine n(-99).
135
Let x(m) = -m**3 + 209*m**2 + 647*m - 2332. Calculate x(212).
0
Let q(j) = -j**3 - 19*j**2 - 64*j - 42. What is q(-15)?
18
Let w(d) = -d**2 + 27*d - 201. Determine w(28).
-229
Let c(f) = 14*f**2 - 136*f - 277. Calculate c(-2).
51
Let j(p) = 41*p - 1735. Calculate j(48).
233
Let l(u) = -u**3 - u**2 + 58*u + 218. Give l(-5).
28
Let w(s) = s**3 + 9*s**2 + 50*s + 91. Determine w(-2).
19
Let t(f) = 66*f - 928. Determine t(14).
-4
Let k(r) = -2*r**3 + 44*r**2 + 265*r - 5029. Give k(23).
8
Let j(k) = 2*k**2 + 134*k + 2223. What is j(-32)?
-17
Let s(b) = b**3 + 39*b**2 - 50*b - 604. Determine s(-40).
-204
Let y(z) = -929*z - 5607. Determine y(-6).
-33
Let h(z) = -2009*z + 36168. What is h(18)?
6
Let q(y) = 2*y**3 - 21*y**2 + 9*y - 15. What is q(10)?
-25
Let z(p) = 51*p**3 + 301*p**2 - 32*p - 14. What is z(-6)?
-2
Let i(o) = -3*o**2 + 10*o + 479. What is i(-20)?
-921
Let y(r) = 2*r**2 + 25*r + 77. What is y(-6)?
-1
Let h(x) = -18*x**2 - 57*x + 174. Give h(3).
-159
Let j(b) = -4315*b - 12948. Calculate j(-3).
-3
Let o(w) = 12*w - 828. Give o(3).
-792
Let a(s) = -s**2 + 103*s - 407. Calculate a(99).
-11
Let v(f) = -144*f + 11. What is v(1)?
-133
Let i(j) = -j**3 - 20*j**2 - 92*j - 15. Give i(-7).
-8
Let y(p) = p**2 + 375*p - 1898. Give y(5).
2
Let n(k) = k**3 + 6*k**2 - 26*k - 53. Calculate n(-10).
-193
Let l(o) = 2*o**3 - 17*o**2 - 4*o + 12. Give l(8).
-84
Let l(r) = -288*r - 2172. Calculate l(-7).
-156
Let h(u) = u**2 - 38*u + 276. Determine h(24).
-60
Let a(g) = 54*g**2 - 916*g - 36. What is a(17)?
-2
Let p(w) = -48*w - 2352. Calculate p(-43).
-288
Let v(u) = 1460*u - 1463. Determine v(1).
-3
Let n(x) = -66*x - 25. Determine n(10).
-685
Let x(g) = -8*g**2 - 382*g + 1654. Give x(4).
-2
Let l(n) = -7*n - 161. Determine l(-33).
70
Let r(g) = -5*g**2 - 422*g - 8907. Calculate r(-43).
-6
Let o(b) = -28*b - 181. Determine o(4).
-293
Let a(n) = n**3 - 130*n**2 + 116*n + 1634. What is a(129)?
-43
Let s(v) = -77*v + 2393. Determine s(32).
-71
Let h(r) = 24*r - 2009. Calculate h(82).
-41
Let n(u) = 40*u - 166. Give n(8).
154
Let h(q) = 7*q**2 + 129*q - 61. Give h(-18).
-115
Let p(b) = 6*b + 77. Give p(-5).
47
Let p(h) = -h**2 + 22*h + 2712. Determine p(-41).
129
Let r(g) = g**3 + 32*g**2 + 63*g + 101. Calculate r(-30).
11
Let r(u) = 26*u**3 + u**2 - 7*u + 4. What is r(2)?
202
Let p(l) = -6*l**2 + 91*l - 18. Give p(14).
80
Let p(z) = 2*z**3 + 13*z**2 + 241*z + 1412. What is p(-6)?
2
Let n(q) = -q**3 - 6*q**2 + 20*q + 192. Calcula